[INFO] cloning repository https://github.com/SummersMori/fib
[INFO] running `Command { std: "git" "-c" "credential.helper=" "-c" "credential.helper=/workspace/cargo-home/bin/git-credential-null" "clone" "--bare" "https://github.com/SummersMori/fib" "/workspace/cache/git-repos/https%3A%2F%2Fgithub.com%2FSummersMori%2Ffib", kill_on_drop: false }`
[INFO] [stderr] Cloning into bare repository '/workspace/cache/git-repos/https%3A%2F%2Fgithub.com%2FSummersMori%2Ffib'...
[INFO] running `Command { std: "git" "rev-parse" "HEAD", kill_on_drop: false }`
[INFO] [stdout] 54e0fe1c3ee51d147bbdd3bb6d728dde0085e768
[INFO] checking SummersMori/fib against master#9610dfe5a9a731ced1ea4923ecbd0c57fe367898 for beta-170-4
[INFO] running `Command { std: "git" "clone" "/workspace/cache/git-repos/https%3A%2F%2Fgithub.com%2FSummersMori%2Ffib" "/workspace/builds/worker-6-tc1/source", kill_on_drop: false }`
[INFO] [stderr] Cloning into '/workspace/builds/worker-6-tc1/source'...
[INFO] [stderr] done.
[INFO] validating manifest of git repo https://github.com/SummersMori/fib on toolchain 9610dfe5a9a731ced1ea4923ecbd0c57fe367898
[INFO] running `Command { std: CARGO_HOME="/workspace/cargo-home" RUSTUP_HOME="/workspace/rustup-home" "/workspace/cargo-home/bin/cargo" "+9610dfe5a9a731ced1ea4923ecbd0c57fe367898" "metadata" "--manifest-path" "Cargo.toml" "--no-deps", kill_on_drop: false }`
[INFO] started tweaking git repo https://github.com/SummersMori/fib
[INFO] finished tweaking git repo https://github.com/SummersMori/fib
[INFO] tweaked toml for git repo https://github.com/SummersMori/fib written to /workspace/builds/worker-6-tc1/source/Cargo.toml
[INFO] crate git repo https://github.com/SummersMori/fib already has a lockfile, it will not be regenerated
[INFO] running `Command { std: CARGO_HOME="/workspace/cargo-home" RUSTUP_HOME="/workspace/rustup-home" "/workspace/cargo-home/bin/cargo" "+9610dfe5a9a731ced1ea4923ecbd0c57fe367898" "fetch" "--manifest-path" "Cargo.toml", kill_on_drop: false }`
[INFO] [stderr]     Updating crates.io index
[INFO] [stderr]  Downloading crates ...
[INFO] [stderr]   Downloaded ramp v0.5.9
[INFO] [stderr]   Downloaded rustc-cfg v0.2.0
[INFO] running `Command { std: "docker" "create" "-v" "/var/lib/crater-agent-workspace/builds/worker-6-tc1/target:/opt/rustwide/target:rw,Z" "-v" "/var/lib/crater-agent-workspace/builds/worker-6-tc1/source:/opt/rustwide/workdir:ro,Z" "-v" "/var/lib/crater-agent-workspace/cargo-home:/opt/rustwide/cargo-home:ro,Z" "-v" "/var/lib/crater-agent-workspace/rustup-home:/opt/rustwide/rustup-home:ro,Z" "-e" "SOURCE_DIR=/opt/rustwide/workdir" "-e" "CARGO_TARGET_DIR=/opt/rustwide/target" "-e" "CARGO_HOME=/opt/rustwide/cargo-home" "-e" "RUSTUP_HOME=/opt/rustwide/rustup-home" "-w" "/opt/rustwide/workdir" "-m" "1610612736" "--user" "0:0" "--network" "none" "ghcr.io/rust-lang/crates-build-env/linux@sha256:19e73879b68f455e41552ea35293514db52ea292d993f571636dbffedb77a1ee" "/opt/rustwide/cargo-home/bin/cargo" "+9610dfe5a9a731ced1ea4923ecbd0c57fe367898" "metadata" "--no-deps" "--format-version=1", kill_on_drop: false }`
[INFO] [stdout] 691c38beaf222a57517dce8ff32ab042d3567c563b478f579190c7c059385ae9
[INFO] running `Command { std: "docker" "start" "-a" "691c38beaf222a57517dce8ff32ab042d3567c563b478f579190c7c059385ae9", kill_on_drop: false }`
[INFO] running `Command { std: "docker" "inspect" "691c38beaf222a57517dce8ff32ab042d3567c563b478f579190c7c059385ae9", kill_on_drop: false }`
[INFO] running `Command { std: "docker" "rm" "-f" "691c38beaf222a57517dce8ff32ab042d3567c563b478f579190c7c059385ae9", kill_on_drop: false }`
[INFO] [stdout] 691c38beaf222a57517dce8ff32ab042d3567c563b478f579190c7c059385ae9
[INFO] running `Command { std: "docker" "create" "-v" "/var/lib/crater-agent-workspace/builds/worker-6-tc1/target:/opt/rustwide/target:rw,Z" "-v" "/var/lib/crater-agent-workspace/builds/worker-6-tc1/source:/opt/rustwide/workdir:ro,Z" "-v" "/var/lib/crater-agent-workspace/cargo-home:/opt/rustwide/cargo-home:ro,Z" "-v" "/var/lib/crater-agent-workspace/rustup-home:/opt/rustwide/rustup-home:ro,Z" "-e" "SOURCE_DIR=/opt/rustwide/workdir" "-e" "CARGO_TARGET_DIR=/opt/rustwide/target" "-e" "CARGO_INCREMENTAL=0" "-e" "RUST_BACKTRACE=full" "-e" "RUSTFLAGS=--cap-lints=forbid" "-e" "RUSTDOCFLAGS=--cap-lints=forbid" "-e" "CARGO_HOME=/opt/rustwide/cargo-home" "-e" "RUSTUP_HOME=/opt/rustwide/rustup-home" "-w" "/opt/rustwide/workdir" "-m" "1610612736" "--user" "0:0" "--network" "none" "ghcr.io/rust-lang/crates-build-env/linux@sha256:19e73879b68f455e41552ea35293514db52ea292d993f571636dbffedb77a1ee" "/opt/rustwide/cargo-home/bin/cargo" "+9610dfe5a9a731ced1ea4923ecbd0c57fe367898" "check" "--frozen" "--all" "--all-targets" "--message-format=json", kill_on_drop: false }`
[INFO] [stdout] aaf3410873b216dc51a06cf7f8ec7ba968baf42e550c2c19eeb009799a4bfde9
[INFO] running `Command { std: "docker" "start" "-a" "aaf3410873b216dc51a06cf7f8ec7ba968baf42e550c2c19eeb009799a4bfde9", kill_on_drop: false }`
[INFO] [stderr]    Compiling autocfg v1.0.1
[INFO] [stderr]    Compiling libc v0.2.94
[INFO] [stderr]    Compiling rustc-serialize v0.3.24
[INFO] [stderr]    Compiling cc v1.0.67
[INFO] [stderr]     Checking rand_core v0.4.2
[INFO] [stderr]    Compiling rustc-cfg v0.2.0
[INFO] [stderr]     Checking ieee754 v0.2.6
[INFO] [stderr]     Checking hamming v0.1.3
[INFO] [stderr]     Checking rand_core v0.3.1
[INFO] [stderr]    Compiling num-traits v0.2.14
[INFO] [stderr]    Compiling num-integer v0.1.44
[INFO] [stderr]    Compiling rand v0.4.6
[INFO] [stderr]     Checking rand v0.5.6
[INFO] [stderr]     Checking num-traits v0.1.43
[INFO] [stderr]    Compiling num-bigint v0.1.44
[INFO] [stderr]    Compiling ramp v0.5.9
[INFO] [stdout] error: cannot find macro `asm` in this scope
[INFO] [stdout]    --> /opt/rustwide/cargo-home/registry/src/index.crates.io-6f17d22bba15001f/ramp-0.5.9/src/ll/limb.rs:467:17
[INFO] [stdout]     |
[INFO] [stdout] 467 |                 asm!(
[INFO] [stdout]     |                 ^^^
[INFO] [stdout]     |
[INFO] [stdout]     = help: consider importing this macro:
[INFO] [stdout]             std::arch::asm
[INFO] [stdout] 
[INFO] [stdout] 
[INFO] [stdout] error: cannot find macro `asm` in this scope
[INFO] [stdout]    --> /opt/rustwide/cargo-home/registry/src/index.crates.io-6f17d22bba15001f/ramp-0.5.9/src/ll/limb.rs:557:17
[INFO] [stdout]     |
[INFO] [stdout] 557 |                 asm!(
[INFO] [stdout]     |                 ^^^
[INFO] [stdout]     |
[INFO] [stdout]     = help: consider importing this macro:
[INFO] [stdout]             std::arch::asm
[INFO] [stdout] 
[INFO] [stdout] 
[INFO] [stdout] error: cannot find macro `asm` in this scope
[INFO] [stdout]    --> /opt/rustwide/cargo-home/registry/src/index.crates.io-6f17d22bba15001f/ramp-0.5.9/src/ll/limb.rs:606:17
[INFO] [stdout]     |
[INFO] [stdout] 606 |                 asm!(
[INFO] [stdout]     |                 ^^^
[INFO] [stdout]     |
[INFO] [stdout]     = help: consider importing this macro:
[INFO] [stdout]             std::arch::asm
[INFO] [stdout] 
[INFO] [stdout] 
[INFO] [stdout] error: cannot find macro `asm` in this scope
[INFO] [stdout]    --> /opt/rustwide/cargo-home/registry/src/index.crates.io-6f17d22bba15001f/ramp-0.5.9/src/ll/limb.rs:661:17
[INFO] [stdout]     |
[INFO] [stdout] 661 |                 asm!(
[INFO] [stdout]     |                 ^^^
[INFO] [stdout]     |
[INFO] [stdout]     = help: consider importing this macro:
[INFO] [stdout]             std::arch::asm
[INFO] [stdout] 
[INFO] [stdout] 
[INFO] [stdout] error[E0603]: module `raw_vec` is private
[INFO] [stdout]   --> /opt/rustwide/cargo-home/registry/src/index.crates.io-6f17d22bba15001f/ramp-0.5.9/src/int.rs:37:12
[INFO] [stdout]    |
[INFO] [stdout] 37 | use alloc::raw_vec::RawVec;
[INFO] [stdout]    |            ^^^^^^^ private module
[INFO] [stdout]    |
[INFO] [stdout] note: the module `raw_vec` is defined here
[INFO] [stdout]   --> /rustc/9610dfe5a9a731ced1ea4923ecbd0c57fe367898/library/alloc/src/lib.rs:223:1
[INFO] [stdout] 
[INFO] [stdout] 
[INFO] [stdout] error[E0635]: unknown feature `step_trait_ext`
[INFO] [stdout]   --> /opt/rustwide/cargo-home/registry/src/index.crates.io-6f17d22bba15001f/ramp-0.5.9/src/lib.rs:18:24
[INFO] [stdout]    |
[INFO] [stdout] 18 | #![feature(step_trait, step_trait_ext, ptr_internals, raw_vec_internals)]
[INFO] [stdout]    |                        ^^^^^^^^^^^^^^
[INFO] [stdout] 
[INFO] [stdout] 
[INFO] [stdout] error[E0199]: implementing the trait `Step` is not unsafe
[INFO] [stdout]     --> /opt/rustwide/cargo-home/registry/src/index.crates.io-6f17d22bba15001f/ramp-0.5.9/src/int.rs:3697:1
[INFO] [stdout]      |
[INFO] [stdout] 3697 | unsafe impl std::iter::Step for Int {
[INFO] [stdout]      | ^^^^^^^^^^^^^^^^^^^^^^^^^^^^^^^^^^^
[INFO] [stdout]      |
[INFO] [stdout] help: remove `unsafe` from this trait implementation
[INFO] [stdout]      |
[INFO] [stdout] 3697 - unsafe impl std::iter::Step for Int {
[INFO] [stdout] 3697 + impl std::iter::Step for Int {
[INFO] [stdout]      |
[INFO] [stdout] 
[INFO] [stdout] 
[INFO] [stdout] error: aborting due to 7 previous errors
[INFO] [stdout] 
[INFO] [stdout] 
[INFO] [stdout] Some errors have detailed explanations: E0199, E0603, E0635.
[INFO] [stdout] 
[INFO] [stdout] For more information about an error, try `rustc --explain E0199`.
[INFO] [stdout] 
[INFO] [stderr] error: could not compile `ramp` (lib) due to 8 previous errors
[INFO] running `Command { std: "docker" "inspect" "aaf3410873b216dc51a06cf7f8ec7ba968baf42e550c2c19eeb009799a4bfde9", kill_on_drop: false }`
[INFO] running `Command { std: "docker" "rm" "-f" "aaf3410873b216dc51a06cf7f8ec7ba968baf42e550c2c19eeb009799a4bfde9", kill_on_drop: false }`
[INFO] [stdout] aaf3410873b216dc51a06cf7f8ec7ba968baf42e550c2c19eeb009799a4bfde9
